 11*t - 22. Is 33 a factor of f(-5)?
False
Let v be 1 + 38 + 3 + (-2 - 0). Let a = v - 12. Is 3 a factor of a?
False
Let n(w) be the first derivative of -2 - 4*w + 13/2*w**2. Does 8 divide n(3)?
False
Let a(s) = 13*s**3 + 2*s**2 - 3*s + 2. Is a(1) even?
True
Let u = 5 - -3. Let x(n) = -2*n**2 + 22*n. Let k be x(11). Suppose 4*l + 5*w - 104 = k, 4*l - u*l + 3*w = -72. Is 21 a factor of l?
True
Does 72 divide 17/(3 + 1096/(-368))?
False
Let w = -152 - -94. Let d = 114 + w. Is d a multiple of 7?
True
Let u = -132 + 137. Suppose 5*o = u*a - 0*o - 645, -5*o = -4*a + 513. Is a a multiple of 11?
True
Suppose 52*z = 48*z - 56. Let q(s) = s**3 + 15*s**2 + 3*s - 10. Is q(z) a multiple of 16?
True
Suppose 2*l - 2313 = 6*k - 5*k, -4*k = -l + 1167. Is 15 a factor of l?
True
Let a(c) = c**2 - 8*c. Suppose 0 = -5*r - 5*k - 50, -3*k - 2 = -5. Is a(r) a multiple of 19?
True
Suppose 5*d + 10 = 0, -2*d - 2 = 2*m - 4*d. Does 9 divide 157/2 - m/(-6)?
False
Suppose 3*h = 5*k - 80, 0 = 3*k + k - h - 57. Let c(f) = 8*f + 4. Does 27 divide c(k)?
True
Suppose 3*w = 5*w - 432. Suppose 5*p - 2*z + 63 = 639, 0 = -2*p - 4*z + w. Is p a multiple of 39?
False
Suppose y = 2 - 0. Suppose w + 0*z - y*z = 37, -4*w - z = -121. Is 10 a factor of w?
False
Suppose 0 = -2*s + 5*s - d - 15, 4*d = 0. Suppose 4*j - 639 = -s*j. Does 11 divide j?
False
Let f be 44/16*2 - 1/(-2). Let b(a) = 3*a**2 + 10*a - 4. Is b(f) a multiple of 13?
False
Suppose 75 = -27*r + 26*r. Suppose 7*p = 4*p - 489. Let i = r - p. Is i a multiple of 23?
False
Let b(x) be the third derivative of 19*x**4/4 + 37*x**2. Is 10 a factor of b(1)?
False
Does 65 divide (-6)/4 + 22185/18 + 4?
True
Let g(s) = 7*s - 27. Let n(c) = 3*c - 14. Let a(k) = 6*g(k) - 13*n(k). Does 4 divide a(4)?
True
Let t be ((-177 + -1)/2)/(57/114). Let j be -1*2*(-9)/(-2). Is t/(-6) - j/27 a multiple of 30?
True
Let k = -83 - 12. Let l = 67 - k. Does 17 divide l?
False
Suppose 4*j - 14 = -g + 18, 0 = 5*g + 4*j - 112. Let z = -17 + g. Is 3 a factor of z?
True
Let q be (-3)/(-15) - (-237)/15. Suppose 2*y = -4*t + q, 0*y - 3*t = -5*y - 12. Let x = 22 + y. Does 22 divide x?
True
Let a = 42 - 13. Does 11 divide (-4)/(-2) + (a - -5)?
False
Suppose -399*x = -394*x - 4485. Is x a multiple of 37?
False
Is 43254/48 - (-27)/(-216) a multiple of 7?
False
Let t(k) = k - 21. Let b be t(-9). Is 33 a factor of ((-176)/(-40))/((-4)/b)?
True
Let r(z) = -20*z**2 + 2. Suppose -f + 9 = 11. Let v be r(f). Does 10 divide (-2406)/v + 2/13?
False
Suppose -5*a + 21395 = 4*f, -2*a - 12845 = -5*a - 4*f. Is a a multiple of 15?
True
Let n = -19 + 26. Let v = 56 + n. Is 21 a factor of v?
True
Let c(q) be the first derivative of -q**2 - 9*q + 375. Let p = 17 - 24. Does 2 divide c(p)?
False
Suppose 1390 = -6*p + 6562. Is p a multiple of 12?
False
Let j(q) = 34*q**2 + 3*q + 8. Is j(-4) a multiple of 46?
False
Let b(p) = -p**3 + 18*p**2 + 18*p + 21. Let w be b(19). Suppose j = -3*j + 1092. Suppose -w*v - 328 = -5*f - 57, j = 5*f - v. Is f a multiple of 24?
False
Let x = 79 - 163. Let f = -62 - x. Does 11 divide f?
True
Let y = -809 + 1271. Is 28 a factor of y?
False
Suppose 3*c - 18*k = -22*k + 4803, 4*k - 3206 = -2*c. Is 90 a factor of c?
False
Does 27 divide (-84)/(-63)*5193/6?
False
Suppose 0 = 2*g + 2*y - 6, 0*y + 4*y = 3*g - 9. Suppose 10 = -5*m, g*c - 2*c = m + 40. Is c a multiple of 38?
True
Suppose -2*g + 216 = j - 5*j, 3*j = -12. Does 25 divide g?
True
Let g be ((-12)/(-10))/(5/50). Let h = g + 15. Let t = 50 - h. Is 9 a factor of t?
False
Let v(u) = 78*u - 94. Is 23 a factor of v(4)?
False
Let h(q) be the second derivative of q**4/12 + 5*q**3/6 + 9*q**2/2 - 10*q. Let z be h(-4). Suppose 0*m = m + 5*w - 28, 0 = z*m - 4*w - 198. Does 13 divide m?
False
Suppose -23*a - 72 = -26*a. Does 4 divide a?
True
Suppose -3*m + 381 = -m - 3*b, 5*m = 4*b + 949. Is m a multiple of 11?
False
Let s be (77 - -1) + 8 + -13 + 5. Suppose 4*j - 2*b - 250 = -s, 46 = j + b. Is 44 a factor of j?
True
Suppose 5*j = -4*j + 216. Suppose 4*v + j - 584 = 0. Does 14 divide v?
True
Let o(c) be the third derivative of 21*c**5/20 + 9*c**3/2 + c**2. Let k(i) = -9*i**2 - 4. Let u(q) = 27*k(q) + 4*o(q). Does 9 divide u(-1)?
True
Suppose -p + 4 = 0, 819 = 4*w - p - 85. Does 3 divide w?
False
Let i(o) = o - 3. Let z be i(6). Let f(h) = 2*h**3 - 8*h**2 + h + 4. Let t be f(6). Suppose -n = 3*n + 2*b - t, 0 = -z*n - b + 113. Is n a multiple of 12?
True
Suppose 0 = 2*t - 6, -3*f - 4*t - 31 = -505. Does 11 divide f?
True
Let x(r) = 5*r + 247. Let g be x(-45). Suppose 2*d = -4*s + 166, -2*s - 3*s = -5*d - 170. Let j = s - g. Is 7 a factor of j?
False
Suppose 289 + 98 = 3*q. Suppose -15*v = -q - 306. Does 4 divide v?
False
Let s = 16 + -14. Suppose 35 = 2*y - 5*v, 0 = -s*y - 7*v + 2*v + 5. Does 25 divide 998/y - (-2)/10?
True
Suppose 5*x - 340 - 60 = 0. Suppose -3*i = -5*j - 6*i + 16, 3*j - 4*i = 27. Is (6/j)/(6/x) a multiple of 16?
True
Does 37 divide 1/3 - ((-410)/3 - -1)?
False
Let l = -8 + -9. Let v = 22 + l. Suppose 5*y + 34 - 9 = 0, v*b - 395 = -y. Does 20 divide b?
True
Suppose -50*o = -48*o - 18. Suppose 11*c - o*c - 238 = 0. Is 7 a factor of c?
True
Suppose -3*a + 139 = 4*t, 3*t - 133 = -3*a + 5. Is 45 a factor of a*(-5 + 4)*-5?
True
Let o be (-36)/24 - (-46)/4. Suppose 120 = -6*f + o*f. Does 7 divide f?
False
Suppose 0 = 4*o - 4*n - 8, -8*n - 10 = -5*o - 4*n. Let l be 3/3*(4 - o). Suppose 2*y - 4*b - 35 = 27, -3*b + 48 = l*y. Does 8 divide y?
False
Let l = 6 + -4. Let a(y) = 3*y - l*y - 2*y + 17. Is 14 a factor of a(0)?
False
Is (10/4)/(350/259140) a multiple of 13?
False
Let u = 609 - 203. Is u a multiple of 58?
True
Let p = 401 - 68. Suppose -43*a = -46*a + p. Is a a multiple of 11?
False
Let c = -37 + 40. Let j(l) = -28 + c*l + 5*l - 4*l. Is 6 a factor of j(19)?
True
Let t(q) = -q**3 + q + 33. Is t(0) a multiple of 4?
False
Suppose 32*i - 31*i = 316. Is i a multiple of 26?
False
Suppose -2*x - 5*q = -39, -5 = 3*x - 3*q - 32. Let r = 32 - x. Is r a multiple of 7?
False
Let p = 26 - 15. Let i be (0 - -1)*p*-1. Let j = 34 + i. Is 23 a factor of j?
True
Let r = -48 - -67. Suppose m - 81 + r = 0. Does 11 divide m?
False
Let d(h) = 27*h**2 - 3*h + 96. Is d(-7) a multiple of 36?
True
Does 13 divide (5 - -1)/((66/(-364))/(-11))?
True
Suppose 2391 = 9*t - 5*t - 3*r, -2*t + 4*r = -1188. Does 12 divide t?
True
Let y(f) = f**2 - 3*f - 10. Let k be y(5). Suppose k = l + l - 18. Is 9 a factor of l?
True
Suppose -5*i + f = -20, 7*i - 3*i - 16 = f. Suppose -4*t + 144 = -2*w - 74, -225 = -i*t - 5*w. Is 6 a factor of t?
False
Let h be (-1 + 12)/(11/(-11)). Let j(y) = 20*y + 41. Let r(u) = -13*u - 27. Let c(g) = -5*j(g) - 7*r(g). Is c(h) a multiple of 24?
False
Let r(z) = z**2 + z + 72. Does 9 divide r(-8)?
False
Let y(l) = 3*l + 4. Let d be y(-3). Let u(t) = 12*t - 5. Let s(w) = -w. Let n(q) = d*s(q) - u(q). Is n(-4) a multiple of 11?
True
Let q(r) = 5*r**2 - 17*r - 15. Is q(-10) a multiple of 35?
False
Let d(a) be the first derivative of -a**3/3 - 8*a**2 + 28*a + 22. Does 19 divide d(-12)?
True
Suppose -2*b + 73 = -131. Suppose 6*v - 3*v - b = 0. Suppose 0 = -5*x + 6 + v. Is x a multiple of 8?
True
Suppose -t + 4 + 24 = 0. Let l = t + -21. Let j = l - -30. Is j a multiple of 25?
False
Let z = -31 + 33. Suppose l + 4*j - 64 = -l, -3*j + 64 = z*l. Is 32 a factor of l?
True
Let o be ((-73668)/35)/(-6) + 2/10. Let v = o + -251. Does 20 divide v?
True
Suppose -9376 = -6*t - 2950. Is 21 a factor of t?
True
Suppose 2*w + 7*i = 8*i + 473, -3*w + 4*i = -722. Is w a multiple of 18?
True
Is 5*35/(-14)*12/(-1) a multiple of 22?
False
Let t(n) = 31*n**2 - 14. Is 15 a factor of t(7)?
False
Suppose q = -v, v - q - 3*q = 25. Let g be (4/v)/(2/5). Is 17 a factor of (0 - -2)*17/g?
True
Is -1120*(28/(-8))/7 a multiple of 35?
True
Let l be 4 - 3 - (-4 - 6). Let i = l + 11. Is i a multiple of 11?
True
Let o = 119 + -120. Let d be (-1 + -1)*(-68)/(-2). Does 18 divide (o - d) + (-2)/2?
False
Let u = -10 - -5. Let s = u - -9. Suppose -s*d - 8*p = -3*p - 60, -d = 2*p - 15. Is d a multiple of 9?
False
Let a(c) = 18*c**2 - 1. Let s(t) = 17*t**2 - 2. Let q(w) = 3*a(w) - 2*s(w). Let b = 4 + -3. Does 21 divide q(b)?
True
Does 24 divide 15*(-1 + 266/10)?
True
Let m(x) = x**3 - 4*x**2 + 11*x - 86. Is m(10) a multiple of 78?
True
Suppose -19*y = 3*y